the prime factors of 27372633.
3, 107, 269, 317
What are the prime factors of 477702270?
2, 3, 5, 5307803
List the prime factors of 94469555.
5, 31, 191, 3191
What are the prime factors of 21055778?
2, 1543, 6823
List the prime factors of 1852699251.
3, 13, 47, 1010747
List the prime factors of 83606811.
3, 53, 421, 1249
What are the prime factors of 13635770?
2, 5, 1363577
List the prime factors of 12383075.
5, 495323
What are the prime factors of 106770547?
13, 29, 283211
List the prime factors of 11736282.
2, 3, 1956047
What are the prime factors of 40769918?
2, 7, 461, 6317
What are the prime factors of 3292406871?
3, 13, 2113, 39953
List the prime factors of 147737161.
11, 13, 1033127
List the prime factors of 1133273846.
2, 89, 6366707
List the prime factors of 11504214.
2, 3, 163, 1307
List the prime factors of 26730583.
11, 797, 3049
List the prime factors of 1500224171.
1500224171
List the prime factors of 531505156.
2, 7, 13, 29, 7193
List the prime factors of 175948336.
2, 29, 379199
What are the prime factors of 39208148?
2, 7, 839, 1669
What are the prime factors of 6744867?
3, 19, 241, 491
List the prime factors of 626950334.
2, 19, 181, 91153
What are the prime factors of 5469849?
3, 7, 11, 877
List the prime factors of 1045921967.
3697, 282911
List the prime factors of 555327973.
4177, 132949
What are the prime factors of 265428120?
2, 3, 5, 419, 5279
List the prime factors of 153697912.
2, 29, 662491
List the prime factors of 216819698.
2, 108409849
List the prime factors of 6738563345.
5, 23, 409, 6229
List the prime factors of 152316983.
7, 13, 1673813
List the prime factors of 899520.
2, 3, 5, 937
List the prime factors of 112490736.
2, 3, 1381, 1697
List the prime factors of 57866347.
7, 11, 43, 17477
What are the prime factors of 63849383?
13, 37, 10211
List the prime factors of 7635538211.
7, 1090791173
List the prime factors of 89377373.
89377373
What are the prime factors of 990253758?
2, 3, 13, 59, 215179
What are the prime factors of 2688386540?
2, 5, 7, 2003, 9587
List the prime factors of 5427532109.
37, 163, 899939
What are the prime factors of 36049909?
7, 5149987
List the prime factors of 3626926079.
7, 467, 1109491
What are the prime factors of 3228692558?
2, 7, 13, 17740069
What are the prime factors of 66434574?
2, 3, 11072429
List the prime factors of 18552270.
2, 3, 5, 11, 17, 3307
List the prime factors of 677205310.
2, 5, 67720531
What are the prime factors of 3027020491?
11, 179, 241, 6379
List the prime factors of 507950988.
2, 3, 42329249
What are the prime factors of 1770837428?
2, 31, 3187, 4481
What are the prime factors of 615435520?
2, 5, 7, 68687
List the prime factors of 5551175592.
2, 3, 29, 98467
List the prime factors of 3496516886.
2, 997, 1753519
List the prime factors of 124701292.
2, 1559, 19997
What are the prime factors of 1716206530?
2, 5, 171620653
What are the prime factors of 61810548?
2, 3, 79, 113, 577
List the prime factors of 511355275.
5, 20454211
List the prime factors of 19651236.
2, 3, 11, 148873
List the prime factors of 205706991.
3, 7, 9795571
List the prime factors of 1160273343.
3, 37, 43, 243091
List the prime factors of 112960923.
3, 149, 252709
What are the prime factors of 7822594?
2, 13, 300869
What are the prime factors of 2593681679?
35809, 72431
List the prime factors of 7514948.
2, 7, 59, 4549
List the prime factors of 54224418.
2, 3, 9037403
What are the prime factors of 912886257?
3, 53, 5741423
List the prime factors of 80376147.
3, 8930683
What are the prime factors of 918168043?
13, 29, 14411
List the prime factors of 251928316.
2, 62982079
List the prime factors of 729011941.
7, 104144563
What are the prime factors of 231528506?
2, 11, 419, 25117
What are the prime factors of 372918871?
13, 19, 31, 113, 431
List the prime factors of 11225826.
2, 3, 431, 1447
What are the prime factors of 15681788?
2, 157, 24971
List the prime factors of 230789701.
230789701
What are the prime factors of 56718004?
2, 7, 2025643
What are the prime factors of 71516988?
2, 3, 19, 5503
What are the prime factors of 905902393?
11, 47, 1752229
What are the prime factors of 31137695?
5, 457, 13627
What are the prime factors of 330165038?
2, 7, 3369031
What are the prime factors of 1646884973?
29, 71, 151, 5297
What are the prime factors of 200164161?
3, 66721387
What are the prime factors of 685794016?
2, 21431063
What are the prime factors of 188151913?
29, 199, 32603
List the prime factors of 1016443032.
2, 3, 11, 59, 65257
List the prime factors of 6834195.
3, 5, 151871
What are the prime factors of 593308880?
2, 5, 7416361
What are the prime factors of 753683668?
2, 29, 967, 6719
List the prime factors of 1617325362.
2, 3, 17, 23, 229799
What are the prime factors of 103208571?
3, 421, 27239
What are the prime factors of 1965902848?
2, 7, 13, 17, 73
List the prime factors of 232945058.
2, 23, 5064023
What are the prime factors of 597088015?
5, 19, 6285137
List the prime factors of 577566425.
5, 31, 745247
What are the prime factors of 527273963?
73, 7222931
What are the prime factors of 477444653?
7, 68206379
What are the prime factors of 372195056?
2, 23262191
List the prime factors of 2108647018.
2, 19, 55490711
What are the prime factors of 933314020?
2, 5, 67, 696503
List the prime factors of 76428067.
53, 107, 13477
What are the prime factors of 43941911?
13, 31, 109037
What are the prime factors of 124865089?
4129, 30241
What are the prime factors of 58851128?
2, 7, 1050913
What are the prime factors of 1527257223?
3, 169695247
What are the prime factors of 75926299?
19, 157, 25453
List the prime factors of 3479352372.
2, 3, 29, 3332713
What are the prime factors of 972781508?
2, 71, 691, 4957
What are the prime factors of 214495525?
5, 8579821
What are the prime factors of 260229754?
2, 167, 779131
What are the prime factors of 30733302?
2, 3, 67, 89, 859
List the prime factors of 14607299.
7, 2086757
List the prime factors of 16778817.
3, 11, 169483
What are the prime factors of 298245794?
2, 7, 11, 461, 4201
List the prime factors of 102884224.
2, 127, 6329
What are the prime factors of 893826299?
23, 38862013
List the prime factors of 1779597.
3, 19, 3469
List the prime factors of 577240270.
2, 5, 17, 3395531
List the prime factors of 431610739.
7, 17, 3626981
What are the prime factors of 75056308?
2, 19, 419, 2357
What are the prime factors of 152659421?
157, 972353
List the prime factors of 2836544.
2, 23, 41, 47
What are the prime factors of 2856728611?
11, 59, 83, 181, 293
List the prime factors of 481129192.
2, 60141149
List the prime factors of 749249297.
37, 71, 73, 3907
List the prime factors of 6968282.
2, 3484141
List the prime factors of 348188825.
5, 13927553
What are the prime factors of 291520285?
5, 7, 23, 362137
What are the prime factors of 151368141?
3, 50456047
What are the prime factors of 5265130966?
2, 2632565483
List the prime factors of 285100990.
2, 5, 937, 30427
What are the prime factors of 53305044?
2, 3, 13, 191, 1789
What are the prime factors of 1167346110?
2, 3, 5, 7, 794113
What are the prime factors of 7713893924?
2, 11, 113, 1551467
What are the prime factors of 126938264?
2, 59, 268937
What are the prime factors of 46278523?
46278523
What are the prime factors of 48299853?
3, 7, 1481, 1553
What are the prime factors of 895746435?
3, 5, 59716429
List the prime factors of 139034015.
5, 491, 56633
What are the prime factors of 7351959?
3, 271, 9043
What are the prime factors of 9639403?
19, 61, 8317
List the prime factors of 33887426.
2, 17, 996689
List the prime factors of 368138753.
368138753
List the prime factors of 726788969.
19, 3733, 10247
What are the prime factors of 1404278330?
2, 5, 7, 13, 389, 3967
List the prime factors of 32313582.
2, 3, 7, 337, 761
List the prime factors of 3775286.
2, 1887643
List the prime factors of 1029305556.
2, 3, 3176869
List the prime factors of 1074797367.
3, 7, 181, 282767
What are the prime factors of 25715670?
2, 3, 5, 97, 8837
List the prime factors of 183407410.
2, 5, 18340741
List the prime factors of 158221220.
2, 5, 2243, 3527
List the prime factors of 500595538.
2, 239, 1047271
List the prime factors of 16853226.
2, 3, 13, 433, 499
List the prime factors of 86430852.
2, 3, 31, 7